divided by (-2)/(-2*3/45)?
11
Suppose -6 = 3*d + 2*a - 37, -3*d - 5*a + 37 = 0. What is the remainder when 107 is divided by d?
8
Suppose 2*u - x = -2*u + 10, 3*u + 3*x - 15 = 0. Let a be 0 + u + (-2 - 3). What is the remainder when a/(-5) - (-1152)/45 is divided by 9?
8
Let o(b) = -b**3 + 18*b**2 + b - 25. Let a be o(18). Let x(v) = -v**2 - 10*v - 5. Calculate the remainder when 28 is divided by x(a).
12
Let y(q) = -q**3 - 8*q**2 + q + 7. Let r be y(-8). What is the remainder when 29 is divided by 12*-2*r/3?
5
Let l be 7/((-7)/(-2)) - -3. Let a(s) = -15*s - 3. Let d(i) = -22*i - 5. Let g(h) = l*d(h) - 7*a(h). What is the remainder when g(-6) is divided by 14?
12
Let p be (1/(-3))/(2/(-30)). Suppose r - p*r = -108. Suppose 18*l = -25*l + 4515. What is the remainder when l is divided by r?
24
Let i = -128 - -189. Calculate the remainder when 221 is divided by i.
38
Suppose -1273 = -9*p - 220. Suppose 4*a - 23 = p. What is the remainder when a is divided by 13?
9
Suppose 10*v + 19 = 5*v + 2*j, -4*v - 5*j = 35. Let x = v - -14. Calculate the remainder when 26 is divided by x.
8
Suppose -20*z + 19*z = -2. Calculate the remainder when 442 is divided by z.
0
What is the remainder when 527 is divided by 15 - ((-110)/(-77) + 3/(-7))?
9
Suppose 5*i = -5*o + 20, -12 = 2*o - 3*o + i. Calculate the remainder when ((-99)/(-12))/(6/16) is divided by o.
6
Suppose -4 = -l + h - 2, 0 = 5*l - 2*h - 10. Suppose 0 = 3*v - 2*z - 2, -z + 4*z = l*v - 3. Suppose 2*f = -v + 4. What is the remainder when 6 is divided by f?
0
Let i(j) = j**3 + j**2 + 21. Calculate the remainder when (142 - 146)*(-78)/8 is divided by i(0).
18
Let l(j) = -j**2 - 13*j + 53. What is the remainder when 77 is divided by l(-16)?
2
What is the remainder when (-357)/(-21) + 116 + 0 + -5 is divided by 66?
62
Suppose 371*f = 374*f - 123. What is the remainder when 202 is divided by f?
38
Suppose 6*k - 36 = 2*k. Let b = 41 - k. Calculate the remainder when 127 is divided by b.
31
Suppose 0*h = -5*h + 65. Let v = -1908 - -1915. What is the remainder when h is divided by v?
6
Suppose 0 = -6*a + 40 + 32. Suppose 0 = -d + 3*k - a, 2*d + 0*k - 2*k = -4. Suppose 4 + d = u. Calculate the remainder when 11 is divided by u.
4
What is the remainder when 73 is divided by 5 + -1 + -2 + (-3 - -26)?
23
Suppose 0 = -16*z + 192 + 4880. What is the remainder when z is divided by 19?
13
What is the remainder when 357 is divided by (6 - (3 - 4 - -4)) + 12?
12
What is the remainder when (3*24/(-6))/(4/(-6)) is divided by 11?
7
Let o(a) = 3*a + 3. Let w be o(2). Let c be (-6)/w + (-2)/(-3). What is the remainder when (c + -2)/2 + 35 is divided by 18?
16
Suppose 8*p = 10*p - 96. Calculate the remainder when p is divided by 14.
6
Let y = 349 + -310. What is the remainder when y is divided by 13?
0
Suppose 8*j - 7*j - 25 = 0. Let p be 4/6 - 100/15. Let r(n) = -9*n - 5. What is the remainder when r(p) is divided by j?
24
Suppose -2*o + 5*y + 57 = 2*o, -5*o + 5*y = -70. Suppose 0 = 9*m - 6*m - 96. What is the remainder when m is divided by o?
6
What is the remainder when 150 is divided by (-116 - 31)*1/(-3)?
3
Suppose -2*v = 2*v + 3*r + 4, -5*v - 36 = -4*r. Calculate the remainder when 25 is divided by v + (-68)/(-4) - 0.
12
Let a(m) = -2*m**2 + 4*m + 2. Let t be a(4). Let g = -6 - t. What is the remainder when 43 is divided by 3 + (14 - g/4)?
13
Suppose 3*t - 2 = 2*t. Suppose 0 + t = o. Suppose 12 = o*c - 10. What is the remainder when c is divided by 7?
4
Let h = -22112 - -22183. Let o = 0 - -6. What is the remainder when h is divided by o?
5
Calculate the remainder when 1*(-70)/56 + 130/8 is divided by (2/(-3))/((-2)/24).
7
Let z(a) = a + 15. Calculate the remainder when 13 is divided by z(-2).
0
Suppose u = 4*a - 13, 0 = 4*a + u + 4*u - 7. Let l = 15 - 13. What is the remainder when (l - 9/3)*-9 is divided by a?
0
Suppose -t = u - 11 + 3, 2*t = u + 4. Suppose -3*z - 69 = -4*z. Let d = z + -57. What is the remainder when d is divided by t?
0
Let l be (33/(-42) + (-8)/(-28))*-86. Suppose -2*o - o + 41 = 5*y, l = 5*o + 2*y. What is the remainder when 25 is divided by o?
4
Suppose 0 = -i - t - 83, -3*t + 111 + 312 = -5*i. Calculate the remainder when 1/2 - 327/(-6) is divided by (1 + (-7)/(-3))*i/(-10).
27
Suppose 0 = 2*v - 3*v + 45. Suppose -7*k + 4*k + v = 0. Calculate the remainder when 73 is divided by k.
13
Suppose 742 = 5*g + 9*g. Calculate the remainder when 281 is divided by g.
16
Suppose -4*g = -3*g - 27. Suppose 30*z - g*z = 63. What is the remainder when z is divided by 12?
9
Suppose -9*r + 13*r - 118 = -d, d = 3*r + 111. What is the remainder when d is divided by 29?
27
Let b(f) = 2*f + 19. Let s be b(-8). Suppose 92 = 2*l - 4*q, -s*q - 123 = -3*l + 6. Calculate the remainder when 155 is divided by l.
35
Let d = -134 - -145. Calculate the remainder when d is divided by 2.
1
Let l = -15 + 21. Let u be ((-82)/l)/(1/(-15)). Suppose 0 = 10*g - 5*g - u. Calculate the remainder when g is divided by 11.
8
Suppose 1 + 27 = 2*d. Let r(g) = 39*g**2 + 3*g + 4. Calculate the remainder when r(-1) is divided by d.
12
Suppose r - 47 = 22. Calculate the remainder when 158 is divided by r.
20
Let l = 217 + -56. Let w = -101 + l. Suppose -3*q + v = -w, -5*q = -0*q - 4*v - 93. What is the remainder when q is divided by 8?
5
Let v = 20 + -92. What is the remainder when 10/(-2 - v/33) is divided by 14?
13
Suppose 2*g - 2 = -0*g. Let f be (0 - (g + 36))*-1. Let l = -21 + f. Calculate the remainder when 45 is divided by l.
13
Let v = -2371 + 2631. Calculate the remainder when v is divided by 2.
0
Let o(d) = -7*d - 61. Calculate the remainder when o(-18) is divided by 14.
9
What is the remainder when 855/2 - (-225)/150 is divided by 48?
45
Let x(z) = -z**2 - 4*z + 19. Let i = 3 + 0. Suppose 3*g - i*o - 36 = 27, -o + 4 = 0. Calculate the remainder when g is divided by x(-6).
4
Let a = 1417 - 1408. What is the remainder when 222 is divided by a?
6
Suppose 0 = -3*z + 134 - 29. Let p = 51 - z. Suppose 0 = 3*r - 55 + p. Calculate the remainder when r is divided by 8.
5
Let u = -28 - -26. What is the remainder when 58 is divided by (-122)/(-6) + u*(-3)/(-18)?
18
Let f be (15/6)/(10/4). Suppose -5*c + f = 2*o + 2, -4*c + 23 = 5*o. Suppose 0*q + 2*q = 82. What is the remainder when q is divided by o?
6
Let f be (-228)/(-2) - 2/2. Suppose -4*h + 174 = -d, 2*h - 2*d - f + 29 = 0. What is the remainder when h is divided by 16?
12
Let p(h) = 3*h**2 + 22*h + 24. Calculate the remainder when 482 is divided by p(-9).
68
Let j be 1/(-1) + 64/16. Suppose 0 = -j*u + t + 71, -4*u - t = -2*t - 93. Calculate the remainder when u is divided by 14.
8
Calculate the remainder when 12 + 93 - (8 - 2) is divided by 43.
13
Let k = -52 - -78. Suppose 0 = -z + k + 15. Let v(n) = -n + 11. Calculate the remainder when z is divided by v(0).
8
Let j be 1*4*7/14. Suppose j*b = 4*y + 16, 0 = -b - 0*b - 2*y - 8. What is the remainder when 13 is divided by (b + 6)/(9/6)?
1
Let y = -10 - -57. Calculate the remainder when 421 is divided by y.
45
Suppose -4*d + 24 = -12. Suppose 73 - 185 = -7*y. What is the remainder when y is divided by d?
7
Let c be (0 + 1 - -3) + (-4 - -2). What is the remainder when 54 is divided by (-1)/c - (-93)/6?
9
Let c(l) = -l**3 + 2*l**2 + 12*l. Let d(k) = 0 - 4*k - 4 + 1. What is the remainder when d(-5) is divided by c(-3)?
8
Let w = 14 - 13. Calculate the remainder when (1 + 2 + -4)/w + 142 is divided by 13.
11
Let d(y) = y**3 + 3*y**2 - 6*y + 4. Suppose 0 = 7*x - 74 - 80. What is the remainder when x is divided by d(2)?
10
Suppose g + 2*g = 153. Let w = -3 - -5. Suppose 4*i - 52 = w*i. What is the remainder when g is divided by i?
25
What is the remainder when 116 is divided by 30*(2/(-14) - 45/(-21))?
56
Let b(q) be the second derivative of q**4/6 + q**3 + 17*q**2/2 - 5*q. What is the remainder when b(-8) is divided by 20?
17
Let s(v) = 2*v**2 + 4*v - 6. Let y be (-1)/((-1)/(8/4)). What is the remainder when 27 is divided by s(y)?
7
Suppose 6*k = 7*k. Suppose k = -x - 3*x - 20, -2 = d - 5*x. Let o = 28 - d. Calculate the remainder when o is divided by 19.
17
Let d be (6/(-4))/((-7)/(-98)). Let t = 29 + -18. Calculate the remainder when (-686)/d - 2/3 is divided by t.
10
Let z(h) = -h + 15. Suppose -3*r + a + 13 = -6, -4*a = -3*r + 22. Calc